 2*k + 15. Let w(m) = -40*m**2 - 7*m - 58. Let q(t) = 9*g(t) + 2*w(t). Is q(b) a prime number?
False
Let i be -7 - -7 - (-24 - 1). Suppose -i*k - 156945 = -585270. Is k a composite number?
True
Let m(x) = -2*x**2 + 11*x - 13. Let v be m(3). Suppose v*t - 3702 = -5*q + 2644, -9509 = -3*t - 5*q. Is t prime?
True
Let z(u) = 62*u**2 + 14*u - 22. Let i be z(-13). Suppose -6*w = -i - 14392. Is w a prime number?
True
Suppose 13 - 33 = -3*j - d, 2*j = -3*d + 25. Is -5*(-2)/j - -5145 a composite number?
False
Suppose -44116274 - 120230248 = -678*d. Is d a composite number?
False
Let q(s) = -s + 11. Let r be q(9). Let g be -1*1/r - 3/(-2). Suppose 5*z = -5*t + 4600, 5 - g = 4*z. Is t a prime number?
True
Let a be 22/143 + (-4379)/(-13) + -1. Let w = 523 - a. Is w prime?
False
Suppose -4*x = -2*w - 102769 + 792639, 0 = x - 3. Is w a prime number?
True
Let b(x) = 26*x - 1. Let z be b(-1). Let d be 158/18 - 6/z. Is 3/(d/(-564))*22/(-8) prime?
False
Let j be (-4)/(-5)*500/8. Let t = 38 + 263. Let h = t - j. Is h composite?
False
Suppose 1061085 = -330*o + 345*o. Is o prime?
False
Suppose 973*h - 977*h - 8 = 0. Is h - (0 + 0) - (-2272 + -47) a prime number?
False
Let j(p) be the third derivative of -p**8/420 - p**7/420 + p**6/720 + p**5/60 + p**4/3 + 12*p**2. Let q(t) be the second derivative of j(t). Is q(-5) composite?
False
Suppose -82 = q - 2787. Suppose 4*s + 3*m - 2869 = 8027, -s + 4*m + q = 0. Is s composite?
True
Let i = 105491 + -8862. Is i composite?
True
Let b = 414182 + -216949. Is b a composite number?
False
Let v = -45451 + 85500. Is v a composite number?
True
Let s(v) = 7*v**2 + 20*v + 47. Suppose 0 = -j - 5*z - 19, -2*j + 1 - 24 = -5*z. Is s(j) composite?
True
Suppose -26404 = -4*w + 5*s, -10*w + s + 6601 = -9*w. Let p = 10364 - w. Is p composite?
True
Let v(r) = -7*r + 241. Let h be v(34). Suppose 6676 = -0*j + h*j + t, 2*t + 8918 = 4*j. Is j composite?
True
Let g(f) be the first derivative of 9*f**4/2 - f**3/3 + 5*f**2/2 + f + 5. Let r be g(2). Suppose 0 = -4*x - b + r, -b - 36 = -3*x + 79. Is x a prime number?
False
Suppose -5*h + 112070 = 35*j - 30*j, 2*h = 10. Is j composite?
False
Suppose -22366 = -2*c + z, 4*z - 9618 + 65527 = 5*c. Is c composite?
True
Suppose -532 = -m - 3751. Let r = 4398 - m. Is r prime?
False
Suppose -15*h + 27001 = -163664. Suppose 0 = 11*z - 8*z - h. Is z composite?
True
Suppose -5*h - p + 20 = 0, -3*p = -4*h + 6 + 29. Suppose -h*s = -0*s - 2210. Is 1/5 + (-64)/20 + s composite?
False
Let r = 187184 + -21965. Is r a composite number?
True
Let b be (3 - (-7)/(-5)) + 6/(-10). Let a be (((-6)/(-8))/(-1))/(b/108). Is (-238068)/a + 2/(-18) a composite number?
False
Let l = 871 + -873. Is (-10342995)/(-725) - (-1 + l/(-10)) a composite number?
True
Let o be (-100)/40*66/(-15). Suppose 5*s - o*s + 7158 = 0. Is s a composite number?
False
Is 44/(-6)*(-3019905)/210 a prime number?
False
Is (0 + -1)/(6 - (-17419074)/(-2903178)) a composite number?
False
Suppose 0 = -2*s + 78*s - 6587452. Is s prime?
True
Let t(m) = 6323*m**2 - 7*m - 5. Is t(-2) composite?
False
Let p = 112 + -110. Suppose p*l - 38912 = -6*l. Suppose 0 = -3*d - o + 3*o + l, -6486 = -4*d + 2*o. Is d composite?
True
Is -5 + ((-13)/(-52) - 709628/(-16)) a prime number?
False
Let y(r) = r**3 + r**2 - r. Let d(n) = -3*n**3 - n**2 + 3*n - 1. Let t(o) = d(o) + 4*y(o). Let a be t(-2). Let u(l) = 83*l - 6. Is u(a) prime?
True
Let p(r) = -3*r**3 - 16*r**2 + 12*r - 23. Let h be p(-10). Is (-4 - -6)/((6/h)/1) composite?
False
Suppose -2*h - 3*r + 171595 = -7*h, 4*h + 137276 = -5*r. Is (4/16*h)/((-7)/28) a prime number?
True
Suppose -2323 = 3*b + 5*s, -3*b - 7*s = -4*s + 2325. Let v = 1647 + b. Is v a composite number?
True
Let j = -19351 + 19041. Let o = 182 - 255. Let x = o - j. Is x composite?
True
Suppose 7*p = 3*p + 4, -5*j - 3*p + 18 = 0. Suppose s = j*s - w - 29902, -6*w + 29930 = 2*s. Is s composite?
True
Let z(k) = -57225*k - 71. Is z(-4) prime?
True
Suppose 0 = 7*u - 5 - 93. Suppose -u*v + 3661 = -7*v. Is v a prime number?
True
Let y(a) = -17374*a + 5. Let t be y(-1). Suppose 6959 - t = -4*s. Suppose -s = -76*h + 71*h. Is h composite?
False
Let f(z) = -2*z**3 - 2*z**2 - 4. Let p be f(-2). Suppose 0 = -2*t + p, -4*n + 18954 = t + 2244. Is n prime?
True
Suppose -3*r - 2*r + 12045 = 0. Let c be (136/(-4))/((-14)/(-532)). Let s = r + c. Is s a prime number?
True
Suppose -1 - 9 = -5*f, -4*k - 2*f = -96. Let n(g) = -211*g - 30 + 18 - k + 42*g. Is n(-4) prime?
True
Suppose -1 - 8 = -2*d + a, -d - 4*a = 9. Let x be -51*(d + (0 - -2)). Let f = 788 + x. Is f composite?
True
Suppose -h + 6 - 4 = 0. Suppose -h*y - i = -5*y - 58, 2*i = 2*y + 36. Is -2*(-2)/y - (-8772)/10 a prime number?
True
Let x = 4 + -7. Let i(n) = 725*n + 25. Let t(o) = -724*o - 21. Let g(l) = 4*i(l) + 5*t(l). Is g(x) prime?
False
Let c(g) = 223*g + 15. Let a be c(-4). Let p = a - -1260. Suppose -6*i - 35 + p = 0. Is i prime?
False
Let q be 5/15 - (-38)/3. Suppose 26*b - 19*b - 532 = 0. Let r = b + q. Is r a prime number?
True
Suppose -u = -4*w - 5703, -12*u + 16*u - 22812 = 4*w. Is u a prime number?
False
Let r(h) = -7*h**2 - 5*h + 10. Let d be r(2). Let j = d + 35. Suppose j*t - 9*t = -266. Is t composite?
True
Suppose 36 = 89*t - 92*t. Let n(u) = -10*u + 29. Is n(t) a prime number?
True
Suppose -5*d + p + 41128 = 0, -2*d - 5*p - 41140 = -7*d. Suppose y + d = 2*s + 29540, 0 = -3*s - 3. Is y a composite number?
False
Let b(a) = a**3 + 9*a**2 - 12*a - 14. Let m be b(-10). Suppose -m*r + 6 = -6. Suppose -r*z = -2*g - 3610, 4*z - 7184 = -0*z - 5*g. Is z a prime number?
True
Suppose -7*p + 11673 = -16*p. Let u = p - -3030. Is u composite?
False
Suppose 14*v + 25172 + 2226 = 0. Let m = -1178 - v. Is m a composite number?
True
Suppose 151255 = 2*v - 140251. Is v composite?
False
Is 35623936/128 - 12/4 a prime number?
False
Suppose 239713 + 97742 = 9*k. Is k a prime number?
False
Let p be -4 + -1 + 0 - -26. Let k be 22020/1 + -20 + p. Suppose -4*z = 3*h - k, 2*h + 8889 = 3*z - 7648. Is z prime?
False
Suppose -5*g + 3*g = 2*v - 14, 0 = g + 3*v - 17. Let a be 4 + 1920 + 0 + -1. Suppose g*p - a = -p. Is p a prime number?
True
Suppose -300480 = -51*a + 7*a + 273764. Is a composite?
True
Let r(o) = 874*o**2 - 15*o - 81. Is r(-4) a prime number?
True
Suppose 84262 - 1367713 = -13*n. Is n prime?
False
Let m = -59 - -59. Suppose -4*z - 3*z + 28 = m. Suppose z*f = 0, 6*p + 5*f = 4*p + 526. Is p a prime number?
True
Let z(t) = -16*t**3 - t**2 + 3*t + 3. Suppose 5*b = 11*b - 36. Let n be 0 + b/3*-1. Is z(n) a prime number?
False
Let o(k) = 574*k**3 + 4*k - 7. Let z be 444/259 - (-4)/14. Is o(z) a prime number?
False
Let d(r) = 5854*r**2 + r - 1. Let v be d(1). Suppose 8*s - 32 = -48. Is v/5 - s/10 a composite number?
False
Let q be (-2)/9 + (-58)/(-18). Let b = 9743 - 9738. Suppose 5*h + b*s = 541 - 141, q*h = 5*s + 280. Is h a prime number?
False
Let x = 260 + -260. Suppose 7*h - 8*h + 5317 = x. Is h composite?
True
Suppose -5*s = -3*b + 150, -4*b + 174 = -s + 3*s. Let r be (30/b)/((-4793)/4791 + 1). Let w = 1132 - r. Is w a prime number?
True
Suppose 8*c - 70829 = 12683. Suppose -q + 2426 = w - 184, 4*w = -3*q + c. Is w composite?
False
Let c = 864 - 850. Is (-15064 - -9)*c/(-10) composite?
True
Let n = -18 + 28. Let s(d) = d**2 - 7*d - 18. Let k be s(n). Is (-164)/k*(2 - -16)/(-2) a composite number?
True
Let c(f) = -f**3 - 17*f**2 + 15*f + 9. Let j be c(-18). Let b = j - 57. Suppose 4*a + 2*q = 1410 + 1318, 3*q + b = 0. Is a a prime number?
True
Let y = -561 + 625. Suppose -y*i + 84*i = 27980. Is i a prime number?
True
Let n = -421 + 421. Suppose n = 3*k - 9, -4*c - k + 312 = -127. Is c a prime number?
True
Let a(t) = -7728*t + 131. Is a(-7) a prime number?
False
Let o = 50 + -39. Suppose 12 = -i - 4*q, -2*i + q - o = -4*i. Suppose 7657 = i*a - 2399. Is a a composite number?
True
Let r be (5/3)/(8/24). Suppose -3*v + p + 15172 = 0, 3*p - p + 25287 = r*v. Is v prime?
False
Suppose -6*g + 29113 = -25565. Is g composite?
True
Let g be 47/141 - 15520/(-6). Let k = 5241 - g. Is k a prime number?
False
Let z = 470245 - 192824. Is z a composite number?
False
Let s(x) = -141*x - 2222. Is s(-21) a composite number?
False
Let j(g) = -8*g**3 - 13*g**2 - 55*g - 34. Is j(-7) a prime number?
False
Let n(h) = -h**3 + 6*h**2 